
Let l(h) = -h**3 - 623*h**2 + 46*h - 4. Determine l(0).
-4
Let p(i) = -261*i**2 + 2100*i + 65. Determine p(8).
161
Let u(a) = 2*a**2 - 176*a + 4977. Calculate u(47).
1123
Let r(n) = -n**2 - 90*n - 1819. Give r(-28).
-83
Let x(w) = -28*w**2 + 29410*w - 406253. Determine x(14).
-1
Let a(h) = -h**3 + 117*h**2 + 113*h + 600. Give a(118).
10
Let p(m) = 5*m**3 - 10*m**2 + 7*m + 15. Give p(0).
15
Let n(p) = -p**2 + 33*p + 362. Give n(-9).
-16
Let j(c) = -98*c**2 - 681*c - 682. Calculate j(-1).
-99
Let p(y) = -15*y**2 - 3744*y - 62405. What is p(-18)?
127
Let c(n) = -538*n**2 + 248*n + 493. Calculate c(-2).
-2155
Let s(z) = -918*z - 28456. Give s(-31).
2
Let d(f) = -3*f**3 + 11*f**2 + 179*f - 740. What is d(5)?
55
Let r(q) = 57*q**2 - 1810*q - 451. Give r(32).
-3
Let z(x) = -16*x**2 - 3230*x + 6474. What is z(2)?
-50
Let m(b) = -2901*b - 19939. Give m(-8).
3269
Let m(g) = 163*g**2 + 10. Give m(-4).
2618
Let w(u) = -2*u**2 + 795259*u + 1590521. Determine w(-2).
-5
Let d(q) = -62*q + 12423. Calculate d(215).
-907
Let u(a) = 47*a**2 + 358*a - 6323. Give u(-16).
-19
Let y(i) = -4*i**2 - 238*i - 1212. Determine y(-54).
-24
Let g(j) = 520*j**2 - 1527*j - 103. Give g(3).
-4
Let h(v) = 219*v - 19884. Give h(89).
-393
Let c(b) = -30*b**2 + 10569*b - 24148. Determine c(350).
2
Let n(k) = 7*k**2 - 279*k - 1645. What is n(45)?
-25
Let f(n) = -11*n**2 + 726*n - 11506. Give f(26).
-66
Let g(a) = -76*a**3 + 535*a**2 - 28*a + 42. What is g(7)?
-7
Let k(u) = u**2 + 49840*u - 1396303. Calculate k(28).
1
Let j(q) = -1799*q**3 + 68*q**2 + 75*q + 4. Give j(-1).
1796
Let g(y) = -19*y**2 + 4410*y - 17329. What is g(4)?
7
Let u(f) = 6*f**2 + 313*f + 3592. Determine u(-35).
-13
Let z(n) = n**3 - 30*n**2 + 124*n - 14. Determine z(25).
-39
Let g(x) = -3*x**3 - 48*x**2 + 448*x + 76. Determine g(-23).
881
Let k(y) = -y**2 + 20517*y + 41021. Give k(-2).
-17
Let w(b) = 9*b**2 - 538*b + 7319. Determine w(21).
-10
Let g(v) = -v**3 - 185*v**2 - 276*v + 49088. Determine g(-182).
-52
Let g(a) = -1122062*a - 1122085. Give g(-1).
-23
Let y(x) = 136*x**3 - 6*x**2 - 14*x + 35. Calculate y(2).
1071
Let m(r) = -53*r**2 + 10649*r - 129512. Give m(13).
-32
Let o(l) = -11808*l - 1558699. Give o(-132).
-43
Let g(j) = 5*j**2 - 272*j - 21491. Determine g(98).
-127
Let l(j) = -4548*j - 22691. Calculate l(-5).
49
Let l(y) = y**3 + 11*y**2 - 1292*y + 11566. What is l(11)?
16
Let f(x) = -x**2 + 5698*x - 772724. Give f(139).
-23
Let t(o) = o**3 - 102*o**2 - 55*o - 1738. Give t(103).
3206
Let k(u) = 55*u**2 + 423*u + 224. Determine k(-7).
-42
Let d(m) = -2*m**3 + 22*m**2 + 2*m - 10. Determine d(9).
332
Let n(c) = -139*c**2 - 976*c + 2017. Calculate n(2).
-491
Let p(c) = -768*c - 35658. Determine p(-48).
1206
Let f(v) = -5711*v**2 + 28556*v + 6. Calculate f(5).
11
Let w(m) = 4*m**3 + 246*m**2 + 88*m - 2408. Determine w(-61).
-334
Let o(a) = -1389*a + 1011212. Give o(728).
20
Let q(b) = 26*b**3 - 302*b**2 + 24*b - 100. What is q(12)?
1628
Let u(z) = 11*z**2 + 497*z + 3488. Give u(-37).
158
Let d(n) = 354*n + 6054. Determine d(-17).
36
Let h(d) = -6*d**2 - 2718*d + 131195. Calculate h(-497).
-13
Let t(i) = -i**3 + 18*i**2 + 427*i - 7460. What is t(22)?
-2
Let t(z) = -6212*z + 49772. Give t(8).
76
Let o(s) = 9*s**2 - 87*s - 7608. What is o(-25)?
192
Let q(u) = -75*u**2 + 331*u - 303. Calculate q(3).
15
Let v(j) = -16*j + 2010. Give v(112).
218
Let z(o) = -o**2 + 86*o - 1044. Determine z(78).
-420
Let i(d) = 2*d**2 + 9510*d - 143099. What is i(15)?
1
Let m(b) = -13*b**2 + 320*b - 761. Calculate m(22).
-13
Let w(n) = n**2 - 1544*n + 445434. What is w(384)?
-6
Let r(u) = -2201*u + 6577. Determine r(3).
-26
Let l(r) = r**3 - 104*r**2 + 2685*r + 545. Calculate l(55).
-5
Let p(m) = 83*m**2 - 4370*m + 4374. Determine p(1).
87
Let q(c) = -4*c**2 + 186*c + 935. Determine q(51).
17
Let t(b) = -b**3 + 29*b**2 + 53*b - 541. Calculate t(30).
149
Let i(m) = m**3 + 14*m**2 - 17038*m - 170821. Determine i(-10).
-41
Let d(t) = -400*t**2 - 3307*t - 6. What is d(-8)?
850
Let x(d) = -216*d**2 + 1938*d + 77. Calculate x(9).
23
Let k(a) = -a**3 + 25*a**2 + 36*a - 84. Give k(26).
176
Let g(s) = -25*s**2 - 4401*s + 134. What is g(-176)?
310
Let b(w) = -368873*w + 3319860. Calculate b(9).
3
Let x(w) = -2*w**3 - 372*w**2 + 8*w + 2987. Calculate x(-186).
1499
Let c(g) = -9185*g - 82269. Give c(-9).
396
Let n(i) = -2*i**2 + 3662*i + 40549. Calculate n(-11).
25
Let u(z) = 56041*z - 16980429. What is u(303)?
-6
Let t(u) = -35631*u + 9442245. Calculate t(265).
30
Let a(i) = -i**2 + 1606*i + 87929. Determine a(-53).
2
Let s(q) = q**3 - 632*q**2 + 35868*q - 11963. Calculate s(569).
-14
Let p(m) = 4*m**3 - 2*m**2 - 417*m + 58. Calculate p(-10).
28
Let d(s) = -3*s**3 - 51*s**2 - 113*s - 1208. Give d(-16).
-168
Let h(y) = -21*y**2 - 668*y - 496. What is h(-31)?
31
Let m(a) = 14512*a - 290451. Calculate m(20).
-211
Let i(d) = -54*d**2 - 743*d + 6012. Calculate i(8).
-3388
Let r(m) = 121*m**2 + 1016*m - 28. Give r(-8).
-412
Let b(u) = -u**3 - 30*u**2 + 1169*u + 742. Calculate b(23).
-408
Let y(q) = -49*q**2 - 29*q - 83. Determine y(-3).
-437
Let z(c) = 43*c - 1487. Give z(26).
-369
Let s(p) = -28745*p + 172469. Determine s(6).
-1
Let c(u) = u**2 - 360*u + 7472. Give c(22).
36
Let r(d) = -2728*d + 92793. What is r(34)?
41
Let n(x) = -104*x + 1190. Give n(17).
-578
Let i(d) = d**3 - 40*d**2 + 29*d - 890. Calculate i(40).
270
Let g(o) = 3*o**3 - 107*o**2 - 9384*o + 1874. What is g(-41)?
-12
Let z(i) = i**3 + 10*i**2 + 2254*i + 29827. Determine z(-13).
18
Let o(u) = 37*u**2 - 5898*u - 9515. Determine o(161).
-16
Let f(r) = r**3 - 89*r**2 + 2085*r - 7295. Calculate f(34).
15
Let b(d) = -d**2 - 131*d - 2402. What is b(-91)?
1238
Let a(m) = -10259*m**2 - 3847126*m - 389. Determine a(-375).
-14
Let q(m) = -m**3 + 46*m**2 - 427*m + 988. Determine q(8).
4
Let k(w) = 2*w**3 + 3*w**2 - 8*w + 162. Calculate k(5).
447
Let m(g) = 34*g**2 - 620*g + 73. What is m(13)?
-2241
Let o(b) = 42102*b + 168584. Determine o(-4).
176
Let m(h) = -35*h**2 + 721*h + 5587. Determine m(-6).
1
Let w(o) = -7*o**3 - 41*o**2 + 95*o + 531. Determine w(-6).
-3
Let s(f) = 2*f**3 - 7*f**2 - 5*f - 63. What is s(0)?
-63
Let w(p) = p**3 - 11*p**2 - 28*p + 430. Determine w(9).
16
Let x(s) = -109277*s + 3387569. Calculate x(31).
-18
Let a(q) = -q**2 - 15973*q - 131. Give a(0).
-131
Let u(r) = -r**2 + 149*r - 3004. Calculate u(30).
566
Let y(r) = 2*r**3 - 80*r**2 - 78*r + 763. Calculate y(41).
927
Let s(m) = -53*m**2 + 123*m + 1165. What is s(6)?
-5
Let j(x) = -x**3 + 31*x**2 - 78*x + 446. What is j(28)?
614
Let a(o) = -o**3 - 74*o**2 + 1957*o + 4. What is a(20)?
1544
Let i(n) = -304124*n - 2432991. Calculate i(-8).
1
Let h(z) = 3*z**2 - 314*z + 5594. Determine h(86).
778
Let w(o) = 2*o**2 - 1905*o - 612864. What is w(-254)?
38
Let j(i) = i**3 - 588*i**2 - 956*i + 216180. Calculate j(589).
17
Let o(a) = 835*a**2 + 11700*a + 65. Give o(-14).
-75
Let x(a) = 34243*a - 958801. Calculate x(28).
3
Let c(p) = 5583*p + 44755. Calculate c(-8).
91
Let l(u) = 32*u**2 - 3556*u + 378. What is l(111)?
-66
Let y(x) = 2*x**2 + 957*x + 52357. What is y(-63)?
4
Let u(o) = -4199*o + 16552. Calculate u(4).
-244
Let f(o) = 4*o**2 + 83*o - 514. Give f(6).
128
Let u(j) = 64*j**2 - 552*j + 373. Calculate u(8).
53
Let w(c) = -c**3 - 64*c**2 - 498*c - 187. Give w(-55).
-22
Let w(n) = 64*n**2 + 19776*n - 2. Determine w(-309).
-2
Let q(f) = -3364*f + 238831. Give q(71).
-13
Let v(r) = -r**3 - 20*r**2 - 58*r - 63. Determine v(-17).
56
Let u(y) = -31*y**2 + 2715*y + 1135. Determine u(88).
-9
Let y(r) = -9*r**3 + 83*r**2 + 104*r - 957. Give y(9).
141
Let z(t) = 5*t**3 + 2386*t**2 + 7518*t - 31279. Determine z(-474).
5
Let z(i) = -51*i**2 + 174*i + 345. What is z(-2)?
-207
Let j(p) = 10*p**3 - 683*p**2 - 2659*p - 339. Determine j(72).
21
Let s(a) = 138*a + 1953. Give s(-20).
-807
Let n(c) = -363*c + 3253. Determine n(6).
1075
Let r(m) = -533*m - 87267. Give r(-165).
678
Let r(m) = -994*m - 563599. Give r(-567).
-1
Let a(u) = -u**2 + 62*u - 723. What is a(49)?
-86
Let z(a) = -7*a**2 - 54*a + 294. What is z(4)?
-34
Let p(b) = 2*b**2 + 86*b - 42. Give p(-41).
-206
Let b(s) = -4853*s + 184430. Calculate b(38).
16
Let z(b) = b**2 + 214*b - 31789. What is z(-315)?
26
Let s(j) = -140*j**2 + 13*j - 13. Calculate s(1).
-140
L